225 = 5*k. Let r = 54 + k. What is the remainder when 26 is divided by r?
8
Suppose 2*j + 85 = 3*h, -5*h + 8*h - 4*j = 95. Calculate the remainder when 440 is divided by h.
15
Let v = 265 - 221. What is the remainder when v is divided by 28?
16
Let p(w) = -6*w**2 - 140*w + 4. Calculate the remainder when p(-22) is divided by 31.
25
Let w(q) = 25*q**2 + 23*q + 145. What is the remainder when w(-5) is divided by 7?
4
Let l = -23 + 30. Suppose -5*f = -l*f + 34. What is the remainder when 46 is divided by f?
12
Let r = 55 - 19. Let u = -25 + r. What is the remainder when u is divided by 4?
3
Suppose 48 = 2*n - 2*k, 2*n - 3*k - 51 = -0*n. Let l(m) = -m**2 - 2*m + 8. What is the remainder when n is divided by l(0)?
5
Let l be 3/(-6)*-8 - -1. Suppose -3 - l = -2*s. Let v = 4 - 2. What is the remainder when s is divided by v?
0
Let m(o) = 2*o**3 + 16*o**2 - 4*o + 29. Calculate the remainder when m(-7) is divided by 39.
38
Let z be -4*(-15)/12 + -3. Suppose t + 4*w = -15, 5*t + 4*w = -z + 7. What is the remainder when 18 - (t + -4 + -1) is divided by 10?
8
Suppose 0 = 10*t - 55 + 5. What is the remainder when t is divided by 4?
1
Let z = -43 + 78. Let g = 46 + -33. What is the remainder when z is divided by g?
9
Let q = -320 - -395. Calculate the remainder when q is divided by 21.
12
Let n(l) = 17*l**3 - l**2 - 2*l - 8. Let g be n(-7). Calculate the remainder when 6/10 + g/(-110) is divided by 15.
9
Let q = -36 + 92. Let y be (20/6 - 3)*105. Let u = -23 + y. What is the remainder when q is divided by u?
8
Let h be 0/(-3) - (-8 + 6). Let r = h + 8. Calculate the remainder when 26 is divided by r.
6
Let u(r) = r**2 + 4*r - 1. Suppose 105*k - 640 = 3560. What is the remainder when k is divided by u(-6)?
7
Let l be (-2 - -4) + (-2 + -5 - -1). Calculate the remainder when ((-17)/2)/(2/l) is divided by 9.
8
Let y(i) = -i**3 - 20*i**2 - 36*i + 45. What is the remainder when y(-18) is divided by 27?
18
Suppose n = -3*z - n + 6, -3*z + 6 = 5*n. Suppose -32 = 6*r - z*r. What is the remainder when 43 is divided by (r/(-10))/(14/385)?
21
Suppose -28*k = -33*k. Suppose k = -4*y + 2*y + 16. Suppose 0*q - 4*t = -q + 27, 5*q - 4*t - 119 = 0. What is the remainder when q is divided by y?
7
Suppose -5*z + 77 = -48. What is the remainder when z is divided by 16?
9
Suppose 0 = 14*d - 24*d - 10. Calculate the remainder when 13/1 - 1/1*d is divided by 3.
2
Let q(t) = t**3 - 5*t**2 + 30. Let k be q(9). Suppose k = 10*f - 526. Calculate the remainder when f is divided by 23.
19
Let i(r) = r**2 - r - 10. Let u(g) = -5*g - 2. Let l(a) = a**3 - 7*a**2 + 4*a + 4. Let d be l(6). Calculate the remainder when u(d) is divided by i(5).
8
Let w(p) = 19*p + 12. What is the remainder when w(4) is divided by 48?
40
Suppose 28*r - 16*r - 5400 = 0. Calculate the remainder when r is divided by 41.
40
Suppose 0 = 3*k - 8*k + l + 347, 3*l = 9. Calculate the remainder when k is divided by 20.
10
Suppose -2*k + 1130 = 5*c - 0*k, c = 5*k + 253. Let w be (-477)/(-1)*((-55)/15 + 4). Let f = c - w. What is the remainder when f is divided by 35?
34
Let p be (11 + -13)*23/2. Let i = p + 122. Calculate the remainder when -1 - 1 - (4 - i) is divided by 24.
21
Let n(j) = j**2 + 43*j + 316. Calculate the remainder when 274 is divided by n(-37).
86
Let v(a) = 2*a**2 + 19*a + 4. Let b be v(-10). Suppose -k + b = -0*k. Calculate the remainder when k is divided by 8.
6
Let g = 31 + -22. Calculate the remainder when g is divided by (2/16*28)/(4/8).
2
Suppose 8*l + 40 = 4*p + 4*l, -5*p = -l - 30. Suppose 3*x + 4*d = -x, 5*d - 15 = 0. Calculate the remainder when 14 is divided by p - (-2 - 1)/x.
2
Let j = 59 + -44. Let i = -58 + 86. What is the remainder when i is divided by j?
13
Let y = 2 - -1. Suppose y*k = -0*k + 12. Suppose 3*l - 12 = -h, -k*h - 5*l - 20 = -9*h. Calculate the remainder when 15 is divided by h.
3
Let t be 3 - (-1 - -4) - -1. Let y be t + (4 - (0 - -2)). Suppose 0 = 5*h + 3*w - 21, -2*h + 1 = -4*w + y. What is the remainder when 3 is divided by h?
0
Suppose -4*b = -2*o + 4 + 94, 3*b + 2*o + 70 = 0. Let d = b + 45. Calculate the remainder when 82 is divided by d.
19
Let m be (20/(-3))/((-6)/(-18)). Let w = -26 - m. Calculate the remainder when (-18)/(w/2 - -1) is divided by 5.
4
Suppose -h = -y - 27, h + 2*y = 2*h - 28. Let i = 35 - h. Suppose -4*z - 3*x - 26 = -i*z, 3*z = -5*x + 36. Calculate the remainder when 33 is divided by z.
5
Let z = 190 + -125. Suppose z = 2*y - 1. Let u = -19 + y. What is the remainder when 54 is divided by u?
12
Let w = -138 + 147. Calculate the remainder when 483 is divided by w.
6
Suppose -6*l - 616 = -14*l. Let c = 83 + l. What is the remainder when c is divided by 41?
37
Let o(n) = -2*n**3 - 5*n + 6. Let h(p) = p**3 + 28. What is the remainder when h(0) is divided by o(0)?
4
Suppose 2*m = -3*a + 45, 2*m = -4*a + 68 - 18. Suppose 16 + 1 = 4*r - 3*n, -3*n = -2*r + 7. Let o = 11 - r. What is the remainder when m is divided by o?
3
What is the remainder when 147*(-9)/(108/(-8)) is divided by 15?
8
Let a(s) = 11*s + 234. What is the remainder when a(-8) is divided by 37?
35
Suppose 0 = 141*n - 136*n - 115. Calculate the remainder when 45 is divided by n.
22
Suppose 15 = s - 2*s. Let a = s - -26. Suppose 5*j - 57 = 2*j. Calculate the remainder when j is divided by a.
8
Suppose 2*m + 5*n = -3*m - 730, 3*m = n - 434. Let p = m + -17. Let k = -107 - p. What is the remainder when k is divided by 19?
17
Suppose -2*m - 2*h + 20 = 0, -3*m = 5*h - 23 - 9. Let u(f) = -f**2 + 12*f - 10. Let v be (14/(-5))/((-62)/155). What is the remainder when u(v) is divided by m?
7
Suppose -2*f - 4 = -4*f. Suppose -32 = -f*y - 4*x, 0*y = y + x - 11. Let u = -10 - -21. Calculate the remainder when u is divided by y.
5
Suppose 384*s - 64 = 380*s. Let x = -26 + 72. Suppose -2*c + 16 = -x. Calculate the remainder when c is divided by s.
15
Suppose -4*p + 73 = -4*a + 277, 2*p = -5*a + 276. What is the remainder when 141 is divided by a?
33
Let f(p) = 54*p + 4. Let m be f(4). Suppose 0 = -o - 0*o + 122. Suppose -2*s = 4*z - o, -s = -5*s - 2*z + m. What is the remainder when s is divided by 18?
17
Let m(d) = d**3 + d**2 - 3. Calculate the remainder when 285 is divided by m(2).
6
Let r = -641 + 1114. Calculate the remainder when r is divided by 14.
11
Calculate the remainder when 334 is divided by (7 - 6)*(61 + 5).
4
Suppose -2*b + h + 71 = 0, 3*b - 190 = -2*b + 5*h. Suppose 48 = 3*k + 3. Calculate the remainder when b is divided by k.
3
Suppose -27*n + 1113 = 384. What is the remainder when 70 is divided by n?
16
Calculate the remainder when 208 is divided by 3/((-18)/12) + 32.
28
Suppose 3*g - 142 = 5*h, -65*g - 2*h = -62*g - 128. Calculate the remainder when 106 is divided by g.
18
Suppose -32*r - 103 = -3239. What is the remainder when 174 is divided by r?
76
Let t(d) = -53*d**3 + 4*d**2 + 23*d + 3. What is the remainder when t(-3) is divided by 39?
36
Suppose 8*t = 3 - 3. Suppose -8*p + t*p + 568 = 0. Let l = 61 + -43. Calculate the remainder when p is divided by l.
17
Let s = 26 + -20. Suppose 0 = -14*d + 15*d - s. What is the remainder when 16 is divided by d?
4
Let j = -68 + 62. What is the remainder when 124 is divided by 5/30*262 - (-4)/j?
38
Let s = -148 - -323. Calculate the remainder when s is divided by 61.
53
Let y(p) = -3*p - 17. Let s be y(-12). Suppose 5*x - s = 51. Suppose 2*t = 3*t - x. What is the remainder when 25 is divided by t?
11
Suppose 3*j - 4*o = -0*o + 32, 0 = -2*j + 2*o + 24. Suppose m = 3 - j. Let r(y) = y**3 + 14*y**2 + 13*y + 2. Calculate the remainder when 6 is divided by r(m).
0
Suppose 5*d = -4*r, d + 23 = 3*r - d. Let c(f) = 2*f - 3. What is the remainder when c(r) is divided by 2*(3 - 6/12)?
2
Let r = 20 + -12. Calculate the remainder when 7/1 + 18/3 is divided by r.
5
Let c(t) = 4*t**2 - 54*t - 18. What is the remainder when c(15) is divided by 3?
0
Calculate the remainder when 45 is divided by (-169)/(-26) - 1/2.
3
Suppose 0 = -4*n + 4*i - i + 442, 3*i = n - 115. Calculate the remainder when 1524 is divided by n.
107
Suppose -4*g + 18 = -g - t, -5*g + 10 = 5*t. Suppose -37 - 53 = -g*a. Calculate the remainder when 65 is divided by a.
11
Let p(r) = -3*r - 7. Let u be p(-5). Suppose -u*z + 3*z = -50. What is the remainder when 18 is divided by z?
8
Suppose